3 = 3*y + 2*y, h = -5*y + 227. Suppose 165*m + 161 = 166*m. What is the highest common factor of y and m?
23
Suppose -2*u = 3*o - 205, -7 = -3*o - 22. Let n = -27 - -29. Suppose 10 = -n*s + 3*s. What is the greatest common factor of u and s?
10
Suppose -577*p + 568*p + 33579 + 61965 = 0. What is the highest common factor of p and 8?
8
Suppose 0 = 4*y - 85 - 235. Let q be ((-1)/(-3))/((-7)/1134*-6). Suppose q*x + x = 160. Calculate the greatest common factor of y and x.
16
Suppose -3*v + 83 = 2*m, m = -0*m + v + 34. Suppose 0 = 4*r - 473 - 223. Suppose 0 = r*g - 182*g + 592. Calculate the greatest common factor of m and g.
37
Let w(r) = 402*r**2 + 197*r + 2088. Let i be w(-10). What is the highest common divisor of 38 and i?
38
Suppose -3*a + 9 = 0, 0 = 2*m - 3*a - 88 - 209. Suppose -5*w + 47 = 5*i + 7, 3*i + w - 26 = 0. What is the highest common factor of i and m?
9
Suppose -168 = -5*r + 2*l + 3, -r + 3*l = -42. Let z be (-2)/(-13) + 32545/299. Let u = -65 + z. Calculate the greatest common factor of r and u.
11
Let t be (-14852)/(-1501) - 6/(-57). Calculate the greatest common divisor of 278 and t.
2
Let q = -1 + 3. Suppose q*m - 202 = -y - 0*m, -998 = -5*y - 4*m. Let u(w) = 13*w**2 + 32*w - 3. Let b be u(-3). Calculate the highest common factor of b and y.
18
Let h(m) = 30*m + 20. Let a be h(0). Let v = -33 - -33. Suppose 0 = c - v*c - 220. Calculate the greatest common divisor of a and c.
20
Suppose -4*a = -474 + 334. Let p be ((-14)/3)/((-6)/(1*90)). Calculate the greatest common factor of a and p.
35
Suppose 178*u = -33*u - 303 + 3257. Let m = 185 - -137. Calculate the highest common divisor of u and m.
14
Suppose p - 160 = -154. Suppose -1275 = -p*i - 141. What is the highest common factor of i and 84?
21
Let m = -263 - -106. Let h = 254 + m. Let t = h - 88. Calculate the greatest common divisor of t and 81.
9
Suppose h - 13 = -2*h + 4*r, h + 4*r - 15 = 0. Suppose h*w - 12*w + 15 = 0. Let t(n) = 5*n - 9. Let l be t(w). What is the greatest common divisor of 6 and l?
6
Let o = 61 - -65. Let s(g) = 229*g + 1006. Let b be s(-4). Calculate the highest common divisor of o and b.
18
Let z be ((-42)/(-8))/(-5*(-2)/80). Suppose z*f - 12*f - 2700 = 0. Calculate the highest common factor of f and 18.
18
Suppose -4*i + 5*r = -412, 0 = r - 2*r - 4. Let w = 3930 + -2264. Calculate the highest common factor of w and i.
98
Let g = 253 - 237. Let f(b) = 3*b - 10. Let j be f(5). Suppose -3*q + j*q - 352 = 0. Calculate the highest common factor of q and g.
16
Let r be 424/(-477)*(-9)/2. Suppose 0 = 5*y - 22 + 2. Suppose 2*h - 4*w - 4 = -0, -4*w = -y*h + 12. What is the greatest common divisor of r and h?
4
Suppose -26*q - 14*q = -120. What is the highest common factor of 5361 and q?
3
Let u = -10 - -35. Let n(m) = -687*m - 6770. Let a be n(-10). Calculate the greatest common factor of u and a.
25
Let c be (-1418)/(-4) - (10 + (-484)/88). Calculate the greatest common divisor of 1800 and c.
50
Let o(q) = 3*q**2 + 49*q - 98. Let j be o(-21). Calculate the greatest common factor of j and 700.
28
Let w(u) = -6*u**3 + 57*u**2 - 14*u - 13. Let y be w(8). What is the highest common divisor of 44 and y?
11
Let f = -1542 + 3993. Calculate the greatest common divisor of f and 171.
57
Let r(k) = -5*k + 81. Let s be r(0). Suppose 251*a = 242*a + s. Let w = 173 + -101. What is the greatest common divisor of a and w?
9
Suppose 4*t + 414 = 6*t. Suppose -t = -4*f + 45. Let v = 59 - 50. What is the greatest common divisor of f and v?
9
Suppose -3*x - 4*o - 134 = -375, o = 10*x - 875. Calculate the greatest common divisor of x and 435.
87
Suppose -4 + 14 = 3*a - 5*z, -5*a + 3*z + 6 = 0. Suppose 26*h - 3111 + 381 = a. What is the highest common divisor of 21 and h?
21
Let w(y) = 2*y**2 + y - 20. Let n = 168 - 247. Let p = -74 - n. Let z be w(p). Calculate the greatest common divisor of 35 and z.
35
Let s = 148759 + -97029. Calculate the highest common factor of s and 70.
70
Suppose -t + 729 = 3*c + 3*t, -38*t + 35*t = 0. What is the greatest common factor of c and 153?
9
Let u = -524 - -527. Suppose 5*m - 130 = -4*a, u*m = -2*a + 6*a + 46. Calculate the highest common divisor of m and 143.
11
Let k(i) = i**2 + 7*i - 9. Let a be ((-4)/6)/(22/297). Let l be k(a). Calculate the highest common factor of l and 144.
9
Let r = 3364 + -2029. What is the greatest common factor of r and 45?
15
Suppose -5*c = 25, -3*s = -2*s - 5*c - 338. Suppose 0 = 12*o - s - 215. Let i = 305 + -195. Calculate the greatest common divisor of o and i.
22
Let s be (-1)/(-3)*2640/2. Calculate the highest common divisor of s and 50.
10
Let z = -391 + 437. Let l(n) = 37*n. Let r be l(-1). Let d = z + r. What is the highest common divisor of d and 27?
9
Let j be 2/4*(3697 - 59). What is the highest common factor of j and 107?
107
Let f(u) = 7*u**2 + 5*u + 7. Let v be f(-5). Let y = 1958 - 1954. Suppose o = -2*z + v, -o + 0*o + 161 = y*z. Calculate the greatest common factor of o and 9.
9
Let q be 2*2/(-4)*-46. Let k(i) = -24*i - 556. Let f be k(-25). Let m = q - f. What is the greatest common factor of m and 10?
2
Let k = 2 - -9. Let x be ((-2068)/141)/((-5)/75). What is the greatest common divisor of x and k?
11
Let r = 22 - 16. Suppose -15*n + 25 = -10*n. Suppose n*c + 36 = 8*c. What is the highest common divisor of c and r?
6
Suppose 6*v = -167 - 73. Let w be 8/v + (213/15 - 0). What is the highest common divisor of 7 and w?
7
Suppose -3*u + 19 = -k, -11*k + 42 = -17*k. Calculate the greatest common divisor of 8012 and u.
4
Let o(c) = -c**3 + 19*c**2 - 62*c + 269. Let t be o(16). What is the highest common divisor of t and 7005?
15
Let b(s) = 2*s - 82. Let i be b(41). Suppose i = 4*o - 17*o + 12064. Calculate the highest common divisor of 29 and o.
29
Let c = 383 - 362. Let i be (-1)/3 + 1010*3/18. What is the highest common divisor of i and c?
21
Let v be (116/(-348))/((-2)/12750). Calculate the greatest common divisor of v and 51.
17
Let b = -270 + 274. Suppose 0 = -4*l + p + 373, 5*l - b*l + 3*p = 77. What is the greatest common factor of 23 and l?
23
Let n = 43 - 49. Let a(y) = y**3 + 10*y**2 + 15*y - 19. Let m be a(n). Calculate the greatest common divisor of m and 10.
5
Let j be (-20)/(-18) + 6820/180. What is the highest common factor of 81 and j?
3
Suppose -5*m + 3*y = -2211, -496 - 1260 = -4*m - 4*y. Calculate the greatest common divisor of m and 392.
49
Let w = 19 + 118. Let r = -12 + w. Calculate the greatest common divisor of r and 100.
25
Suppose -18*o + 3 = -286 - 35. Let l = -19 - -46. What is the greatest common factor of l and o?
9
Suppose -3*k + 640 + 45 = -5*s, 2*s = -4. What is the highest common factor of k and 135?
45
Let z = -701 + 1313. Suppose 1192 = 26*v - 190*v + 3980. What is the greatest common divisor of v and z?
17
Let x be ((-1)/(-3) - -1) + (-27)/(243/(-2292)). What is the greatest common factor of 2768 and x?
16
Let n = -54 + 109. Let w = n - 44. Suppose 9*z = w*z - 144. What is the greatest common divisor of z and 16?
8
Suppose 0 = -74*i - 1474 + 12130. What is the greatest common divisor of 496 and i?
16
Let p = 90 - 54. Let r be p/(-54)*(-75)/(-2). Let j = -24 - r. What is the highest common divisor of 4 and j?
1
Let r(h) = -11*h + 66. Let k be (-48)/(-128) - (-428)/(-32). Let d be r(k). What is the highest common factor of 19 and d?
19
Let g(p) = 16*p**3 + 15*p**2 + 17*p + 100. Let q be g(12). What is the greatest common divisor of q and 32?
32
Suppose -x + 10 = -0*x. Let c = 22888 - 22833. Calculate the greatest common factor of c and x.
5
Suppose -4*a = -0*a + 5*z - 17, 5 = z. Let k = a - -4. Suppose -5*l + 126 = 16. Calculate the highest common divisor of k and l.
2
Let g(p) = p**2 + 8*p - 20. Let o be g(-10). Suppose -236 = -4*y + v, o = -4*y - 40*v + 44*v + 224. Calculate the highest common divisor of y and 72.
12
Suppose -10*g - 4 = 6. Let q = -79 + 96. Let m = q + g. Calculate the highest common factor of 80 and m.
16
Suppose -5*p = -9*p + 4. Let n be (p/2)/((-2)/(-12)). Suppose 0 = -a - n*a + 180. What is the highest common divisor of 15 and a?
15
Suppose 5*n = 5*x - 105, -22*x + n - 45 = -24*x. What is the highest common factor of 495 and x?
11
Suppose 20*c - 27*c - 372240 = -29*c. Calculate the highest common divisor of c and 30.
30
Let z be (2/2 - 13